e 16) to base 5
-322441
What is -320201 (base 4) in base 2?
-111000100001
Convert 2c4 (base 14) to base 10.
564
Convert -63416 (base 9) to base 5.
-2320032
Convert 2c5 (base 15) to base 10.
635
648 (base 14) to base 3
1200221
Convert -236 (base 15) to base 11.
-416
Convert 27232 (base 8) to base 2.
10111010011010
-7789 (base 10) to base 7
-31465
7c2 (base 16) to base 15
8c6
Convert -230323 (base 5) to base 14.
-2dc9
-31330301 (base 4) to base 3
-2220101012
What is 75 (base 15) in base 6?
302
What is -1b2 (base 15) in base 3?
-112112
Convert -10011110010010 (base 2) to base 3.
-111220012
What is 213110 (base 4) in base 14?
cba
Convert 5203 (base 12) to base 8.
21343
What is -1363 (base 7) in base 16?
-217
8a5e (base 15) to base 10
29339
What is 303 (base 9) in base 12?
186
Convert -34421 (base 7) to base 2.
-10001001010010
What is -3113132 (base 4) in base 14?
-5050
Convert -774 (base 8) to base 3.
-200211
What is 65656 (base 8) in base 15?
827b
-3011 (base 6) to base 10
-655
What is -40031 (base 6) in base 2?
-1010001010011
2233 (base 12) to base 2
111011000111
What is -249 (base 14) in base 4?
-13021
What is -2d89 (base 16) in base 6?
-125545
-242 (base 15) to base 7
-1331
Convert -77ef (base 16) to base 15.
-916d
Convert -15240 (base 10) to base 4.
-3232020
Convert -1110111100000 (base 2) to base 12.
-4514
21450 (base 6) to base 9
4073
Convert -749 (base 13) to base 11.
-a31
Convert 9100 (base 14) to base 6.
311124
Convert 43520 (base 6) to base 7.
23364
Convert 527 (base 14) to base 11.
843
What is -2051 (base 7) in base 9?
-882
Convert 1233003 (base 4) to base 12.
4143
What is -167 (base 11) in base 12?
-142
1302 (base 5) to base 12
14a
-23409 (base 10) to base 5
-1222114
Convert -ca (base 13) to base 14.
-bc
What is -121031 (base 5) in base 14?
-1908
1218 (base 9) to base 7
2435
What is 104003 (base 5) in base 16?
e2c
a35a (base 16) to base 12
2024a
What is 25144 (base 8) in base 5?
321402
14505 (base 8) to base 11
4951
What is -134 (base 9) in base 12?
-94
What is -1b1c (base 13) in base 8?
-7761
Convert -3036 (base 7) to base 6.
-4520
What is 442101 (base 5) in base 16?
3bac
-213403 (base 7) to base 16
-917b
-502c (base 16) to base 10
-20524
What is 442214 (base 5) in base 6?
154513
What is -39700 (base 10) in base 11?
-27911
What is 160 (base 13) in base 4?
3313
Convert 2200100200 (base 3) to base 10.
52749
Convert -30a7 (base 12) to base 4.
-1102333
1014a (base 11) to base 10
14816
-2362 (base 9) to base 15
-7c2
Convert -11123 (base 5) to base 6.
-3352
Convert 15e7b (base 15) to base 14.
1bb0a
What is 4353 (base 9) in base 16?
c87
What is -111111111 (base 2) in base 6?
-2211
What is -6653 (base 8) in base 4?
-312223
Convert -263 (base 11) to base 4.
-10313
Convert -7846 (base 16) to base 12.
-1599a
Convert 25c5 (base 14) to base 12.
3a15
1380 (base 11) to base 10
1782
What is 741 (base 8) in base 15?
221
Convert -25 (base 14) to base 10.
-33
Convert 3300 (base 11) to base 12.
2630
Convert 40d6 (base 14) to base 13.
510a
-11655 (base 7) to base 3
-11020000
2110 (base 6) to base 4
13122
-32021 (base 4) to base 10
-905
What is 8230 (base 11) in base 15?
3383
31043 (base 5) to base 8
3747
Convert -4720 (base 9) to base 2.
-110110101101
What is -2422012 (base 5) in base 13?
-177a4
What is -10101011111 (base 2) in base 6?
-10211
Convert -13104 (base 5) to base 8.
-2005
Convert -65403 (base 7) to base 12.
-9540
-12022002 (base 3) to base 2
-111100010111
What is 911 (base 12) in base 15?
5c4
What is -1020011 (base 3) in base 9?
-1204
132a0 (base 12) to base 8
63330
Convert -1010440 (base 5) to base 7.
-65504
3dde (base 15) to base 2
11001111001011
What is 1c7 (base 14) in base 7?
1040
Convert 17295 (base 13) to base 11.
303a4
Convert -10244 (base 6) to base 13.
-835
Convert -a42 (base 13) to base 12.
-1014
Convert -1665 (base 10) to base 12.
-b69
What is -56 (base 15) in base 9?
-100
-865 (base 10) to base 15
-3ca
-223d5 (base 14) to base 9
-135877
Convert 2645 (base 10) to base 9.
3558
Convert 23e4 (base 16) to base 12.
5398
What is -3e30 (base 15) in base 3?
-200021100
3004 (base 6) to base 7
1621
What is -301110 (base 4) in base 9?
-4286
Convert 1667 (base 12) to base 9.
3587
-3c1 (base 13) to base 8
-1230
-4217 (base 12) to base 9
-10811
5774 (base 10) to base 4
1122032
What is 21 (base 13) in base 10?
27
What is 226657 (base 8) in base 2?
10010110110101111
Convert -650 (base 11) to base 4.
-30031
Convert -12261 (base 8) to base 7.
-21305
Convert -1231 (base 5) to base 16.
-bf
Convert -8875 (base 11) to base 8.
-26662
What is -255 (base 13) in base 14?
-212
Convert 72 (base 11) to base 13.
61
Convert 116 (base 9) to base 7.
165
Convert -205 (base 15) to base 8.
-707
-4037 (base 11) to base 5
-132424
222002 (base 3) to base 13
422
28670 (base 9) to base 7
110601
311 (base 16) to base 10
785
What is -6335 (base 7) in base 13?
-1028
Convert -2413 (base 15) to base 5.
-221133
-249 (base 11) to base 13
-199
Convert 221111 (base 5) to base 11.
5830
What is 1565 (base 13) in base 7?
12053
What is -8de5 (base 15) in base 8?
-72674
What is 1012120121 (base 3) in base 5?
1224444
What is -44a (base 12) in base 3?
-212111
-248 (base 10) to base 14
-13a
-14311 (base 5) to base 3
-1122200
-7b2 (base 16) to base 12
-1182
1327 (base 8) to base 6
3211
Convert 186 (base 16) to base 15.
1b0
Convert -223415 (base 6) to base 14.
-6c95
What is 11011010100001 (base 2) in base 16?
36a1
2322 (base 4) to base 8
272
What is 10235 (base 7) in base 3?
10110112
What is -203321 (base 6) in base 16?
-3fc1
3ea (base 16) to base 9
1333
Convert -1243 (base 5) to base 3.
-21100
3863 (base 9) to base 8
5514
What is 11690 (base 10) in base 13?
5423
What is -727 (base 8) in base 11?
-399
What is -11331 (base 7) in base 15?
-ce3
Convert -5b9 (base 12) to base 11.
-713
Convert -b70 (base 12) to base 3.
-2021210
Convert -185 (base 14) to base 16.
-139
What is -10647 (base 9) in base 3?
-100201121
11013031 (base 4) to base 15
6311
What is -58756 (base 11) in base 2?
-10100101100011001
Convert 535c (base 16) to base 9.
32241
What is 905 (base 10) in base 5?
12110
What is 1bc (base 16) in base 12?
310
301a (base 16) to base 10
12314
What is 11478 (base 9) in base 14?
2b2d
-441134 (base 5) to base 6
-154121
-3566 (base 7) to base 14
-6a6
-14a77 (base 12) to base 2
-111000111111011
What is 13210 (base 4) in base 5?
3414
Convert -677 (base 11) to base 16.
-32a
Convert 18690 (base 12) to base 2.
1000101011001100
-150 (base 16) to base 2
-101010000
Convert -8b6e (base 15) to base 8.
-71613
4132 (base 6) to base 13
55a
4f6 (base 16) to base 8
2366
What is -10cc (base 13) in base 6?
-14541
What is -4a51 (base 11) in base 15?
-1e45
Convert 626 (base 7) to base 8.
472
-7bd (base 15) to base 2
-11011011001
What is -36156 (base 8) in base 4?
-3301232
Convert -641 (base 7) to base 14.
-191
What is -1411513 (base 6) in base 12?
-39b99
What is 1c0 (base 14) in base 3?
111111
-874 (base 11) to base 16
-419
Convert -60506 (base 9) to base 7.
-223653
-4241 (base 5) to base 12
-3b7
548 (base 9) to base 7
1211
Convert -1a6b7 (base 12) to base 9.
-58464
What is -12100020 (base 3) in base 10?
-3894
Convert -12111011 (base 3) to base 11.
-3007
202024 (base 5) to base 14
2534
Convert -121111 (base 3) to base 12.
-311
Convert 1112 (base 7) to base 13.
24b
-3d9 (base 15) to base 10
-879
1001001110 (base 2) to base 4
21032
What is 112320 (base 4) in base 16?
5b8
What is 232015 (base 6) in base 7?
111653
What is -2140121 (base 5) in base 3?
-1212122002
Convert 37206 (base 11) to base 15.
10cad
What is 1121122 (base 3) in base 13?
6c8
-22233 (base 4) to base 10
-687
Convert -204a (base 11) to base 2.
-101010011100
Convert -225a (base 15) to base 10.
-7285
Convert a225 (base 12) to base 7.
102206
Convert -2265 (base 10) to base 3.
-10002220
Convert -44605 (base 7) to base 12.
-6637
What is 46e (base 16) in base 9?
1500
What is -23110303 (base 4) in base 12?
-22a17
Convert 410234 (base 5) to base 13.
600c
What is -25776 (base 8) in base 6?
-124050
Convert -3e8f (base 16) to base 7.
-64456
-293 (base 13) to base 14
-24a
What is 14db (base 14) in base 15?
1181
410303 (base 5) to base 7
53331
Convert -6237 (base 11) to base 14.
-3028
Convert 1110110111111 (base 2) to base 3.
101110001
Convert -1311 (base 12) t